9
Let v = -36 - -55. Let l = v - 17. Suppose 3*a - 36 = -5*k, l*a + 0*a - 2 = 4*k. List the prime factors of a.
7
Suppose -8*m - 450 = -9*m. List the prime factors of m.
2, 3, 5
Suppose -3*x - 2268 = -9*x. List the prime factors of x.
2, 3, 7
Suppose -4*g - z + 390 + 740 = 0, 5*g + 5*z = 1420. List the prime factors of g.
2, 3, 47
Let g(h) = 10*h**3 - 7*h**2 + 38*h + 6. What are the prime factors of g(6)?
2, 3, 7, 17
Suppose -3*h - 414 = 2*a + 1100, 3*a = -5*h - 2524. Let g = 819 + h. What are the prime factors of g?
313
Suppose 0 = z + 4*t - 553, 3*z - 4*t = 1455 + 268. What are the prime factors of z?
569
Suppose 0 = 4*d - 0*d - 24. Let l be 2/d - (-20)/(-6). Let a(b) = -2*b**3 - 2*b**2 + 5*b + 4. What are the prime factors of a(l)?
5
Suppose 12*u - 402 = 126. Let p(d) = d + 8. Let j be p(6). Suppose 5*h + j = u. What are the prime factors of h?
2, 3
Let z be 5 + (-3 - (3 + -4)). Suppose 5*s - 3*m = 20, z = -4*s - 2*m - 3. Suppose -5*q - s = -16. What are the prime factors of q?
3
Let z = 2058 - 576. What are the prime factors of z?
2, 3, 13, 19
Let l = -14 - -14. Suppose -5*r - k + 60 = 0, 4*k + l*k = 20. Let t = r + -2. List the prime factors of t.
3
Let a be 2 + (-5)/((-20)/32). Suppose -4*f = -9*f + a. What are the prime factors of f/(175/170 + -1)?
2, 17
Let j(g) = 96*g**2 - 2*g + 31. List the prime factors of j(-8).
41, 151
Suppose -31*u + 32854 = 3993. List the prime factors of u.
7, 19
Let v be 448/10 - 2*3/(-30). Suppose 6*p = v + 75. What are the prime factors of p?
2, 5
Suppose 3*f + o - 30 = 0, -f - 2*o = 3*o - 10. Let p(r) = r**2 - 15*r + 14. Let q be p(f). Let i = q + 65. What are the prime factors of i?
29
Let i(w) = 123*w + 9. Let v be i(4). Let s = v + -327. List the prime factors of s.
2, 3, 29
Suppose 0 = 7*u - 4*u - 2*v - 11, -4*u + v = -13. What are the prime factors of u?
3
Suppose -66*c - 11904 = -90*c. List the prime factors of c.
2, 31
Suppose -3*h = h - 8. Let a(d) = -d + 4. Let q be a(h). What are the prime factors of 6/(-9)*(-57)/q?
19
Suppose n + 5 = -0*n - 5*f, 0 = -4*n + 2*f + 2. Let l be 1*(4 + -3)*n. Suppose 0 = 3*s + d - 2*d - 38, l = -d - 2. What are the prime factors of s?
2, 3
Let w = -583 + 407. Let s = w + 289. What are the prime factors of s?
113
Suppose -7*s = 8*s - 9960. What are the prime factors of s?
2, 83
Suppose 0 = 3*a + 5*g - 6*g - 3379, 0 = -5*a + 2*g + 5633. List the prime factors of a.
3, 5
Suppose -n - 3693 = 139*f - 143*f, 0 = 4*f + 3*n - 3705. List the prime factors of f.
2, 3, 7, 11
Suppose -5*n - 5*f = -55, -4*f = -3*n - 3*f + 13. Let g be 3 + 58/(-1) - -1. List the prime factors of (8/n)/((-12)/g).
2, 3
Let c be -1*1 + -6 + 12. Suppose i - 5*a = 44, -4*i = i + c*a - 130. List the prime factors of i.
29
Let i = 236 + -157. Suppose 376 = 4*o - 3*w + i, -3*o + 231 = -5*w. What are the prime factors of 910/16 - (-9)/o?
3, 19
Let h(t) = t**3. Let w be h(0). Suppose 2*r + w*r - 410 = 0. Suppose -3*z - 159 = -4*d, 4*z = 5*d - z - r. List the prime factors of d.
2, 3
Let m be 28/3*(-9 - 15). Let o = m + 406. List the prime factors of o.
2, 7, 13
Suppose -4*d + 5*t = 4*t - 91, 3*t - 49 = -2*d. Let n = 61 - d. List the prime factors of n.
2, 19
Let p(z) = -3*z + 2. List the prime factors of p(-5).
17
Let j = -39 - -43. Suppose -4*s + 3*s - 3*w + j = 0, 2*w + 16 = 2*s. Let t = 18 + s. List the prime factors of t.
5
Let x be (108/42)/((-1)/7). Let j(o) = -o**2 - 11*o - 4. Let t be j(-6). Let v = x + t. What are the prime factors of v?
2
Let i be ((-2)/2)/(2/(-26)). Suppose 2 = -2*w, 3*f - 6 = -4*w - 1. List the prime factors of f/(-2) + i/2.
5
What are the prime factors of (5 - (4 - -4))/(6/(-10040))?
2, 5, 251
Let f(b) = 3*b - 5. Let y be f(6). Let q = y + -9. Suppose q*m = 34 + 98. List the prime factors of m.
3, 11
Let a(p) = 533*p - 336. List the prime factors of a(9).
3, 1487
Let h(r) = -90*r - 595. What are the prime factors of h(-43)?
5, 131
Let m(b) = 214*b - 513. List the prime factors of m(22).
5, 839
Let c(l) = l**2 - 10*l - 13. Let i be c(14). Suppose -y - 132 = -3*p + i, -3*y - 12 = 0. What are the prime factors of p?
3, 19
Suppose -m + 5*x + 2994 + 1065 = 0, -2*m = 3*x - 8131. What are the prime factors of m?
2, 127
Let z(x) = x**2 + 6*x + 22. List the prime factors of z(-4).
2, 7
Let m(s) = -6*s + 27. Let b be m(5). What are the prime factors of 3*(56/b)/(-2)?
2, 7
Suppose 1 = -v, 2*v - v = 5*u - 3416. List the prime factors of u.
683
Suppose -o = 26*t - 27*t + 109, -325 = -3*t + 2*o. What are the prime factors of t?
107
Let g = 96 - 98. What are the prime factors of 4 + (-10 - 546)*g/8?
11, 13
Let h(k) = -3*k + 14. Let o be h(8). Let p be ((-180)/21)/((-4)/28). Let y = p + o. What are the prime factors of y?
2, 5
Let n(m) be the third derivative of m**6/120 + 2*m**5/15 + m**4/6 + m**3/6 + 8*m**2. List the prime factors of n(-7).
2, 11
Let i(y) be the third derivative of 0*y - 8*y**2 - 7/30*y**5 - 5/8*y**4 - 1/120*y**6 + 0 - 3*y**3. List the prime factors of i(-13).
2
Suppose g - 2*w - 2 = 0, 0 = -g + 3*g - 3*w - 5. Suppose r = -5*p + 3 + g, -r - 2*p = -19. Let o = 44 - r. What are the prime factors of o?
17
Suppose -21 = 5*b + 4. What are the prime factors of 17/(b/(-100)*5)?
2, 17
Let r be (-4)/3 + (-222)/(-18). Suppose -b - 9 = -2*p, 0*b - 3*p = -b - r. Let g(x) = -x**3 - 4*x**2 + 4*x - 2. List the prime factors of g(b).
3
Suppose -v + 2*y = -y + 82, -2*v - 155 = 3*y. Let t = -45 - v. List the prime factors of t.
2, 17
Let x = 1340 + -810. List the prime factors of x.
2, 5, 53
Suppose 0 = -4*a + 2*y - y + 17, -2*a = -3*y - 11. Suppose 526 = 3*g + a*u + u, g = -3*u + 182. List the prime factors of g.
167
Let k be (-7 + 4)/(3/(-2)). Let y be (-23)/(-1)*k/2. Let a = y - -8. List the prime factors of a.
31
Let r = -15 + 45. Suppose 2*b = -b - r. What are the prime factors of 535/25 - 6/b?
2, 11
Let f be (-2)/((3 - -1)/(-12)). Suppose f*z = z. List the prime factors of 5/3*3 - z.
5
List the prime factors of (6*12/24)/(3/1219).
23, 53
Let q be (-3)/((2/(-4))/(10/12)). Suppose -4*v + 412 = -q*s, -467 = -5*v + 3*s + 61. List the prime factors of v.
2, 3
Let d = -131 - -89. Let u = 61 + d. What are the prime factors of u?
19
Let j = -2 + 14. Let p be 172/j + (-2)/(-3). Suppose 0 = -3*d - 0*d + p. What are the prime factors of d?
5
Let v be 1/(-5) - 176/20. Let f be (-240)/v - (-2)/6. List the prime factors of (f/2)/((-9)/(-12)).
2, 3
Suppose -4*h - 12 = -7*h - 2*w, 0 = -h + 2*w - 4. What are the prime factors of -16*(-1 + (-2 - h)/(-8))?
2
Let w be (-2)/12 + 54710/(-60). List the prime factors of (-2)/3 + w/(-18).
2, 5
Suppose 0 = 39*u - 41*u + 512. Suppose 245 = 3*v - u. What are the prime factors of v?
167
Suppose 11*x + 3596 = 4*i + 13*x, 0 = 5*i + 2*x - 4495. What are the prime factors of i?
29, 31
Let p(x) be the third derivative of x**4/24 + x**3/3 + 2*x**2. Suppose -2*l + 5 + 3 = 0. List the prime factors of p(l).
2, 3
Let b be (0 + -3)/((-2)/(-4)). Let y(c) = 3*c**2 + 10*c - 4. List the prime factors of y(b).
2, 11
Suppose -10*r - 12 = -6*r, 5*r + 24670 = 5*m. List the prime factors of m.
4931
Suppose u + 3*u = -q + 494, -q + 4*u + 526 = 0. List the prime factors of q.
2, 3, 5, 17
Let k(h) = h**3 + 10*h**2 + 15*h - 5. Let z be k(-8). Suppose x - 172 = -5*g + z*x, 3*x + 37 = g. What are the prime factors of g?
2, 17
Let w(m) = 79*m + 79. List the prime factors of w(5).
2, 3, 79
What are the prime factors of ((-17)/(561/44))/(2/(-1296))?
2, 3
Let b = 122 - -46. Suppose 0 = -5*q + 202 + b. What are the prime factors of q?
2, 37
Suppose 0 = -0*w - w - 5*i + 30, -4*w + 20 = -5*i. Let l(t) = -t**3 - 8*t**2 + 1. Let g be l(-8). What are the prime factors of (w - -7) + 0/g?
17
Let f(y) = -y**2 - 4*y + 7. Let h be f(-5). Suppose -h*q + 32 = -2*w, 0 = -4*q - 4*w + 24 + 16. Let j = -2 + q. List the prime factors of j.
11
Let h(x) = 6*x + 4. Let y be h(-1). List the prime factors of y/14 + (-3)/((-63)/1830).
3, 29
Suppose 3*w - 24 = 3*s, -s - 19 = -3*s - 5*w. Let t = -9 + 5. List the prime factors of t/(-6) - 25/s.
3
Let h(w) = 3*w**3 - 19*w**2 + 3. What are the prime factors of h(9)?
3, 7, 31
Suppose 14*i - 6561 - 4653 = 0. List the prime factors of i.
3, 89
Let l(d) = 250*d - 2. List the prime factors of l(3).
2, 11, 17
Let f(y) = -y**2 + 8*y - 2. Let h be f(7). Suppose -11 + 1 = 4*d 